{"id":75435,"date":"2023-03-07T23:12:28","date_gmt":"2023-03-07T22:12:28","guid":{"rendered":"https:\/\/trimakasi.eu\/?post_type=product&#038;p=75435"},"modified":"2026-08-03T22:22:24","modified_gmt":"2026-08-03T20:22:24","slug":"nyaklanc-ferfi-fekete-turmalin","status":"publish","type":"product","link":"https:\/\/trimakasi.eu\/hu\/product\/necklace-for-men-black-tourmaline\/","title":{"rendered":"Fekete turmalin nyakl\u00e1nc f\u00e9rfiaknak"},"content":{"rendered":"<p>Egy ac\u00e9ll\u00e1ncra er\u0151s\u00edtett nyers k\u0151 a v\u00e9delmet jelenti.<\/p>\n<h3>Fekete turmalin \u2013 Jelent\u00e9se<\/h3>\n<p> Egy \u00f3kori egyiptomi legenda le\u00edrja a turmalin hossz\u00fa \u00fatj\u00e1t a F\u00f6ld magj\u00e1t\u00f3l a felsz\u00edn\u00e9ig, \u00e1thaladva a sziv\u00e1rv\u00e1nyon \u2013 \u00e1ll\u00edt\u00f3lag ez\u00e9rt tal\u00e1lhat\u00f3 meg annyi sz\u00ednben \u00e9s \u00e1rnyalatban. Elb\u0171v\u00f6l\u0151 t\u00f6rt\u00e9net, \u00e9s nem is olyan messze az igazs\u00e1gt\u00f3l, mivel a turmalin val\u00f3ban sokf\u00e9le sz\u00ednben fordul el\u0151.<\/p>\n<p>A fekete \u00f3nix, a fekete turmalin \u00e9s a fekete obszidi\u00e1n s\u00f6t\u00e9t sz\u00edn\u00fck miatt mind hagyom\u00e1nyos v\u00e9delmez\u0151 k\u00f6vek. \u00c1ll\u00edt\u00f3lag v\u00e9d\u0151 energi\u00e1val vesznek k\u00f6r\u00fcl, amely elnyeli a k\u00f6rnyezet negativit\u00e1s\u00e1t, seg\u00edtve lek\u00fczdeni a negat\u00edv gondolatmint\u00e1kat, amelyek az egyik legkimer\u00edt\u0151bb \u00e9rzelm\u00fcnkb\u0151l, a f\u00e9lelemb\u0151l fakadnak.<\/p>\n<p>A s\u00e1m\u00e1nok \u00e9s druid\u00e1k vil\u00e1gszerte \u2013 k\u00fcl\u00f6n\u00f6sen az afrikai \u00e9s amerikai \u0151slakos t\u00f6rzsek k\u00f6r\u00e9ben \u2013 r\u00e9g\u00f3ta haszn\u00e1lj\u00e1k a fekete turmalint a v\u00e9d\u0151 ritu\u00e1l\u00e9k sarokk\u00f6vek\u00e9nt, amelyet az elme \u00e9s a test negativit\u00e1ssal szembeni v\u00e9delmez\u0151jek\u00e9nt \u00e9rt\u00e9kelnek.<\/p>\n<p>Elem: <strong>F\u00f6ld<\/strong><\/p>\n<p>Csillagjegyek: <strong>Bak, Ikrek, Skorpi\u00f3, M\u00e9rleg<\/strong><\/p>\n<p>Ez a nyakl\u00e1nc harmoniz\u00e1lja a Gy\u00f6k\u00e9rcsakr\u00e1t.<\/p>\n<p><img loading=\"lazy\" decoding=\"async\" width=\"81\" height=\"88\" style=\"width:84px;height:84px;object-fit:contain;vertical-align:middle;margin:0 3px\" class=\"alignnone size-full wp-image-138513\" src=\"https:\/\/trimakasi.eu\/wp-content\/uploads\/\u010dakra1.jpg\" alt=\"Gy\u00f6k\u00e9rcsakra\" srcset=\"https:\/\/trimakasi.eu\/wp-content\/uploads\/\u010dakra1.jpg 81w, https:\/\/trimakasi.eu\/wp-content\/uploads\/\u010dakra1-11x12.jpg 11w\" sizes=\"auto, (max-width: 81px) 100vw, 81px\" \/> <img loading=\"lazy\" decoding=\"async\" width=\"76\" height=\"96\" style=\"width:84px;height:84px;object-fit:contain;vertical-align:middle;margin:0 3px\" class=\"alignnone size-full wp-image-138514\" src=\"https:\/\/trimakasi.eu\/wp-content\/uploads\/\u010dakra2.jpg\" alt=\"Szakr\u00e1lis csakra\" srcset=\"https:\/\/trimakasi.eu\/wp-content\/uploads\/\u010dakra2.jpg 76w, https:\/\/trimakasi.eu\/wp-content\/uploads\/\u010dakra2-10x12.jpg 10w\" sizes=\"auto, (max-width: 76px) 100vw, 76px\" \/><\/p>","protected":false},"excerpt":{"rendered":"<p>Ez a f\u00e9rfi fekete turmalin nyakl\u00e1nc egy darab nyers fekete turmalint, m\u00e1s n\u00e9ven schorlt tartalmaz \u2013 egy olyan k\u00f6vet, amely m\u00e9lyen a f\u00f6ld alatt k\u00e9pz\u0151dik, \u00e9s vulk\u00e1ni tev\u00e9kenys\u00e9g r\u00e9v\u00e9n emelkedik a felsz\u00ednre.<\/p>\n<p>Az egyik klasszikus v\u00e9delmez\u0151 k\u0151, amelyr\u0151l \u00fagy tartj\u00e1k, hogy elnyeli a negativit\u00e1st \u00e9s megv\u00e9di visel\u0151j\u00e9t \u2013 a f\u00f6ld erej\u00e9nek egy darabj\u00e1t, amit minden nap cipelhet.<\/p>\n<p>L\u00e1nc sz\u00edne \u00e9s anyaga: Rozsdamentes ac\u00e9l fekete PVD bevonattal<br \/>\nK\u0151 m\u00e9retei: kb. 3,5 cm x 1 cm<br \/>\nL\u00e1nc hossza: 69 cm vagy 80 cm<\/p>\n<p>A k\u0151 minden oldalon sim\u00e1ra csiszolt; csak az el\u00fcls\u0151 oldala rendelkezik a turmalinra jellemz\u0151 eredeti fel\u00fcleti text\u00far\u00e1val. Ez\u00e9rt minden darab egyedi a term\u00e9szetes mint\u00e1zat\u00e1nak k\u00f6sz\u00f6nhet\u0151en.<\/p>","protected":false},"featured_media":173723,"comment_status":"open","ping_status":"closed","template":"","meta":{"_acf_changed":false,"_themeisle_gutenberg_block_has_review":false},"product_brand":[],"product_cat":[1064,1150,1690],"product_tag":[],"class_list":["post-75435","product","type-product","status-publish","has-post-thumbnail","product_cat-mens-jewellery","product_cat-necklaces-for-men","product_cat-necklaces","first","outofstock","taxable","shipping-taxable","purchasable","product-type-variable","has-default-attributes"],"acf":[],"_links":{"self":[{"href":"https:\/\/trimakasi.eu\/hu\/wp-json\/wp\/v2\/product\/75435","targetHints":{"allow":["GET"]}}],"collection":[{"href":"https:\/\/trimakasi.eu\/hu\/wp-json\/wp\/v2\/product"}],"about":[{"href":"https:\/\/trimakasi.eu\/hu\/wp-json\/wp\/v2\/types\/product"}],"replies":[{"embeddable":true,"href":"https:\/\/trimakasi.eu\/hu\/wp-json\/wp\/v2\/comments?post=75435"}],"wp:featuredmedia":[{"embeddable":true,"href":"https:\/\/trimakasi.eu\/hu\/wp-json\/wp\/v2\/media\/173723"}],"wp:attachment":[{"href":"https:\/\/trimakasi.eu\/hu\/wp-json\/wp\/v2\/media?parent=75435"}],"wp:term":[{"taxonomy":"product_brand","embeddable":true,"href":"https:\/\/trimakasi.eu\/hu\/wp-json\/wp\/v2\/product_brand?post=75435"},{"taxonomy":"product_cat","embeddable":true,"href":"https:\/\/trimakasi.eu\/hu\/wp-json\/wp\/v2\/product_cat?post=75435"},{"taxonomy":"product_tag","embeddable":true,"href":"https:\/\/trimakasi.eu\/hu\/wp-json\/wp\/v2\/product_tag?post=75435"}],"curies":[{"name":"munkaf\u00fczet","href":"https:\/\/api.w.org\/{rel}","templated":true}]}}

Fekete turmalin nyaklánc férfiaknak

<p>Egy acélláncra erősített nyers kő a védelmet jelenti.</p>
<h3>Fekete turmalin – Jelentése</h3>
<p> Egy ókori egyiptomi legenda leírja a turmalin hosszú útját a Föld magjától a felszínéig, áthaladva a szivárványon – állítólag ezért található meg annyi színben és árnyalatban. Elbűvölő történet, és nem is olyan messze az igazságtól, mivel a turmalin valóban sokféle színben fordul elő.</p>
<p>A fekete ónix, a fekete turmalin és a fekete obszidián sötét színük miatt mind hagyományos védelmező kövek. Állítólag védő energiával vesznek körül, amely elnyeli a környezet negativitását, segítve leküzdeni a negatív gondolatmintákat, amelyek az egyik legkimerítőbb érzelmünkből, a félelemből fakadnak.</p>
<p>A sámánok és druidák világszerte – különösen az afrikai és amerikai őslakos törzsek körében – régóta használják a fekete turmalint a védő rituálék sarokköveként, amelyet az elme és a test negativitással szembeni védelmezőjeként értékelnek.</p>
<p>Elem: <strong>Föld</strong></p>
<p>Csillagjegyek: <strong>Bak, Ikrek, Skorpió, Mérleg</strong></p>
<p>Ez a nyaklánc harmonizálja a Gyökércsakrát.</p>
<p><img loading="lazy" decoding="async" width="81" height="88" style="width:84px;height:84px;object-fit:contain;vertical-align:middle;margin:0 3px" class="alignnone size-full wp-image-138513" src="https://trimakasi.eu/wp-content/uploads/čakra1.jpg" alt="Gyökércsakra" srcset="https://trimakasi.eu/wp-content/uploads/čakra1.jpg 81w, https://trimakasi.eu/wp-content/uploads/čakra1-11x12.jpg 11w" sizes="auto, (max-width: 81px) 100vw, 81px" /> <img loading="lazy" decoding="async" width="76" height="96" style="width:84px;height:84px;object-fit:contain;vertical-align:middle;margin:0 3px" class="alignnone size-full wp-image-138514" src="https://trimakasi.eu/wp-content/uploads/čakra2.jpg" alt="Szakrális csakra" srcset="https://trimakasi.eu/wp-content/uploads/čakra2.jpg 76w, https://trimakasi.eu/wp-content/uploads/čakra2-10x12.jpg 10w" sizes="auto, (max-width: 76px) 100vw, 76px" /></p>

<p>Ez a férfi fekete turmalin nyaklánc egy darab nyers fekete turmalint, más néven schorlt tartalmaz – egy olyan követ, amely mélyen a föld alatt képződik, és vulkáni tevékenység révén emelkedik a felszínre.</p>
<p>Az egyik klasszikus védelmező kő, amelyről úgy tartják, hogy elnyeli a negativitást és megvédi viselőjét – a föld erejének egy darabját, amit minden nap cipelhet.</p>
<p>Lánc színe és anyaga: Rozsdamentes acél fekete PVD bevonattal<br />
Kő méretei: kb. 3,5 cm x 1 cm<br />
Lánc hossza: 69 cm vagy 80 cm</p>
<p>A kő minden oldalon simára csiszolt; csak az elülső oldala rendelkezik a turmalinra jellemző eredeti felületi textúrával. Ezért minden darab egyedi a természetes mintázatának köszönhetően.</p>

munkafüzet
