{"id":75053,"date":"2019-11-05T20:28:36","date_gmt":"2019-11-05T19:28:36","guid":{"rendered":"https:\/\/trimakasi.eu\/?post_type=product&#038;p=75053"},"modified":"2026-08-03T22:24:04","modified_gmt":"2026-08-03T20:24:04","slug":"primal-egy-viz-karkotot","status":"publish","type":"product","link":"https:\/\/trimakasi.eu\/hu\/product\/primal-water-bracelet\/","title":{"rendered":"Primal V\u00edz kark\u00f6t\u0151"},"content":{"rendered":"<h3>\u0150si V\u00edz<\/h3>\n<p>A vizet tartj\u00e1k a leger\u0151sebb elemnek \u2014 b\u00e1rmilyen akad\u00e1lyt megker\u00fclhet, \u00e1tv\u00e1ltozhat foly\u00e9kony, j\u00e9g \u00e9s g\u0151z form\u00e1k k\u00f6z\u00f6tt, \u00e9s mindenekel\u0151tt \u00e9letet ad mindennek a F\u00f6ld\u00f6n. A v\u00edz mindig mozg\u00e1sban van, b\u00e1r ennek a mozg\u00e1snak a nagy r\u00e9sze a felsz\u00edn alatt zajlik. Ugyan\u00edgy, a v\u00edz elemhez kapcsol\u00f3d\u00f3 emberek nyugodtnak \u00e9s \u00f6sszeszedettnek t\u0171nhetnek, mik\u00f6zben bel\u00fcl gondolatok \u00e9s \u00e9rzelmek \u00e1lland\u00f3 \u00f6rv\u00e9nyl\u00e9s\u00e9t \u00e9lik \u00e1t.<\/p>\n<h3>Lazurit<\/h3>\n<p>Ezt a titokzatos, m\u00e9lyk\u00e9k k\u00f6vet matt form\u00e1j\u00e1ban n\u00e9ha a \u201cM\u00e1gusok K\u00f6v\u00e9nek\u201d is nevezik. Az igazs\u00e1g \u00e9s a b\u00f6lcsess\u00e9g szimb\u00f3luma, amelyr\u0151l azt mondj\u00e1k, hogy harm\u00f3ni\u00e1t hoz k\u00f6rnyezet\u00e9be.<\/p>\n<h3>Fekete matt \u00f3nix<\/h3>\n<p>Az \u00f3nix k\u00f6ztudottan el\u0151seg\u00edti a bels\u0151 stabilit\u00e1st, a nyugalmat \u00e9s a ment\u00e1lis \u00e9retts\u00e9get. Kellemes energi\u00e1ja v\u00e9delmez\u0151 tulajdons\u00e1gokkal rendelkezik, n\u00f6veli az \u00f6nbizalmat \u00e9s biztons\u00e1g\u00e9rzetet ad.<\/p>\n<h3>L\u00e1vak\u0151<\/h3>\n<p>A l\u00e1va k\u00f6zvetlen\u00fcl a F\u00f6ld magj\u00e1b\u00f3l sz\u00e1rmazik, spiritu\u00e1lis jelent\u00e9ssel b\u00edr, a f\u00f6ldel\u00e9st \u00e9s a term\u00e9szettel val\u00f3 kapcsolatot jelk\u00e9pezi.<\/p>\n<h3>\u0150selem<\/h3>\n<p>Ez a kark\u00f6t\u0151kollekci\u00f3 a bolyg\u00f3nkat egyens\u00falyban tart\u00f3 n\u00e9gy alapelemb\u0151l, a T\u0171zb\u0151l, a V\u00edzb\u0151l, a F\u00f6ldb\u0151l \u00e9s a Leveg\u0151b\u0151l mer\u00edt ihletet. A kollekci\u00f3 minden kark\u00f6t\u0151j\u00e9ben l\u00e1vak\u0151 tal\u00e1lhat\u00f3, amely az elem legm\u00e9lyebb, leg\u0151sibb l\u00e9nyeg\u00e9hez val\u00f3 visszat\u00e9r\u00e9st szimboliz\u00e1lja. Minden elem l\u00e9nyege a F\u00f6ld t\u00f6rt\u00e9net\u00e9nek n\u00e9gy evol\u00faci\u00f3s szakasz\u00e1nak egyik\u00e9hez k\u00f6t\u0151dik.<\/p>\n<p><em>\u0150si T\u0171z:<\/em> Kezdetben a F\u00f6ld a k\u00e1oszb\u00f3l alakult ki \u2013 egy t\u00fczes pokolb\u00f3l, amely l\u00e9trehozta a bolyg\u00f3 olvadt magj\u00e1t. Ez adta a F\u00f6ld gravit\u00e1ci\u00f3j\u00e1t, ami viszont lehet\u0151v\u00e9 tette a l\u00e9gk\u00f6r kialakul\u00e1s\u00e1t \u00e9s fennmarad\u00e1s\u00e1t. A t\u0171z elem a k\u00e1oszt, a puszt\u00edt\u00e1st \u00e9s az \u00faj kezdeteket szimboliz\u00e1lja.<\/p>\n<p><em>\u0150si v\u00edz:<\/em> Miut\u00e1n a F\u00f6ld felsz\u00edne leh\u0171lt, az els\u0151 felh\u0151k \u00e9s az es\u0151 az \u00fcst\u00f6k\u00f6s\u00f6kb\u0151l sz\u00e1rmaz\u00f3 v\u00edz elp\u00e1rolg\u00e1s\u00e1b\u00f3l k\u00e9pz\u0151dtek, fokozatosan bet\u00f6lt\u00f6tt\u00e9k a vil\u00e1g\u00f3ce\u00e1nokat. A v\u00edz szinte az eg\u00e9sz bolyg\u00f3t bebor\u00edtotta. M\u00e9lys\u00e9g\u00e9ben a v\u00edz b\u00e9k\u00e9t hordoz \u00e9s a kitart\u00e1st szimboliz\u00e1lja \u2013 \u00e1raml\u00e1sa mindig megtal\u00e1lja az \u00fatj\u00e1t oda, ahov\u00e1 mennie kell.<\/p>\n<p><em>\u0150si F\u00f6ld:<\/em> A v\u00edznek k\u00f6sz\u00f6nhet\u0151en az \u00e9let els\u0151 magvai gy\u00f6keret ereszthettek, a bolyg\u00f3 z\u00f6ldd\u00e9 \u00e9s \u00e9letre kelt. A f\u00f6ld elem az \u00e9let gy\u00f3gy\u00edt\u00f3 esszenci\u00e1j\u00e1t hordozza, fel\u00e9leszti a test l\u00e9tfontoss\u00e1g\u00fa energi\u00e1j\u00e1t.<\/p>\n<p><em>\u0150si leveg\u0151:<\/em> A korai n\u00f6v\u00e9nyekben \u00e9s alg\u00e1kban zajl\u00f3 fotoszint\u00e9zis hozta l\u00e9tre a ma ismert l\u00e9g\u00e1tereszt\u0151 l\u00e9gk\u00f6rt. A leveg\u0151 elem a mozg\u00e1st \u00e9s a v\u00e1ltoz\u00e1st szimboliz\u00e1lja, energi\u00e1j\u00e1r\u00f3l pedig azt mondj\u00e1k, hogy pozit\u00edv hat\u00e1ssal van az elm\u00e9re.<\/p>\n<p>Elem: <strong>V\u00edz, leveg\u0151<\/strong><\/p>\n<p>Csillagjegyek: <strong>minden jegyhez illik<\/strong><\/p>\n<p>Ez a kark\u00f6t\u0151 harmoniz\u00e1lja a Gy\u00f6k\u00e9r-, a Torok- \u00e9s a Harmadik Szem csakr\u00e1t.<\/p>\n<p><img loading=\"lazy\" decoding=\"async\" width=\"81\" height=\"88\" style=\"width:84px;height:84px;object-fit:contain;vertical-align:middle;margin:0 3px\" class=\"alignnone size-full wp-image-138513\" src=\"https:\/\/trimakasi.eu\/wp-content\/uploads\/\u010dakra1.jpg\" alt=\"Gy\u00f6k\u00e9rcsakra\" srcset=\"https:\/\/trimakasi.eu\/wp-content\/uploads\/\u010dakra1.jpg 81w, https:\/\/trimakasi.eu\/wp-content\/uploads\/\u010dakra1-11x12.jpg 11w\" sizes=\"auto, (max-width: 81px) 100vw, 81px\" \/> <img loading=\"lazy\" decoding=\"async\" width=\"79\" height=\"93\" style=\"width:84px;height:84px;object-fit:contain;vertical-align:middle;margin:0 3px\" class=\"alignnone size-full wp-image-83566\" src=\"https:\/\/trimakasi.eu\/wp-content\/uploads\/2020\/07\/\u010dakra4.jpg\" alt=\"Sz\u00edvcsakra\" srcset=\"https:\/\/trimakasi.eu\/wp-content\/uploads\/2020\/07\/\u010dakra4.jpg 79w, https:\/\/trimakasi.eu\/wp-content\/uploads\/2020\/07\/\u010dakra4-10x12.jpg 10w\" sizes=\"auto, (max-width: 79px) 100vw, 79px\" \/> <img loading=\"lazy\" decoding=\"async\" width=\"81\" height=\"87\" style=\"width:84px;height:84px;object-fit:contain;vertical-align:middle;margin:0 3px\" class=\"alignnone size-full wp-image-138515\" src=\"https:\/\/trimakasi.eu\/wp-content\/uploads\/\u010dakra5.jpg\" alt=\"Torokcsakra\" srcset=\"https:\/\/trimakasi.eu\/wp-content\/uploads\/\u010dakra5.jpg 81w, https:\/\/trimakasi.eu\/wp-content\/uploads\/\u010dakra5-11x12.jpg 11w\" sizes=\"auto, (max-width: 81px) 100vw, 81px\" \/> <img loading=\"lazy\" decoding=\"async\" width=\"103\" height=\"98\" style=\"width:84px;height:84px;object-fit:contain;vertical-align:middle;margin:0 3px\" class=\"alignnone size-full wp-image-138516\" src=\"https:\/\/trimakasi.eu\/wp-content\/uploads\/\u010dakra6.jpg\" alt=\"Harmadik szem csakra:\" srcset=\"https:\/\/trimakasi.eu\/wp-content\/uploads\/\u010dakra6.jpg 103w, https:\/\/trimakasi.eu\/wp-content\/uploads\/\u010dakra6-13x12.jpg 13w\" sizes=\"auto, (max-width: 103px) 100vw, 103px\" \/><\/p>","protected":false},"excerpt":{"rendered":"<p>A v\u00edz soha nem k\u00fczd az akad\u00e1llyal \u2013 egyszer\u0171en csak \u00e1ramlik k\u00f6r\u00fcl\u00f6tte. Ez a kark\u00f6t\u0151 mindenkinek sz\u00f3l, aki ugyanazzal a nyugodt alkalmazkod\u00f3k\u00e9pess\u00e9ggel szeretne haladni az \u00e9letben: foly\u00e9konyan, rend\u00edthetetlen\u00fcl \u00e9s csendesen er\u0151teljesen. Viseld, hogy megh\u00edvd a v\u00edz elem b\u00f6lcsess\u00e9g\u00e9t, b\u00e9k\u00e9j\u00e9t \u00e9s az \u00e1rral sodr\u00f3d\u00f3 rugalmass\u00e1g\u00e1t a napjaidba.<\/p>\n<p>V\u00e1lasszon kark\u00f6t\u0151t m\u00e9ret szerint.\u00a0<a href=\"https:\/\/trimakasi.eu\/hu\/hogyan-valasszuk-ki-a-karkoto-meretet\/\">A m\u00e9ret helyes meghat\u00e1roz\u00e1s\u00e1nak \u00fatmutat\u00f3ja itt tal\u00e1lhat\u00f3.<\/a><\/p>","protected":false},"featured_media":149872,"comment_status":"open","ping_status":"closed","template":"","meta":{"_acf_changed":false,"_themeisle_gutenberg_block_has_review":false},"product_brand":[],"product_cat":[1687,1151,1064,554,1068,553],"product_tag":[],"class_list":["post-75053","product","type-product","status-publish","has-post-thumbnail","product_cat-elastic-bracelets","product_cat-element-edition-bracelets","product_cat-mens-jewellery","product_cat-natural-gemstone-bracelets","product_cat-natural-gemstone-bracelets-for-men","product_cat-womens-jewellery","first","instock","taxable","shipping-taxable","purchasable","product-type-variable","has-default-attributes"],"acf":[],"_links":{"self":[{"href":"https:\/\/trimakasi.eu\/hu\/wp-json\/wp\/v2\/product\/75053","targetHints":{"allow":["GET"]}}],"collection":[{"href":"https:\/\/trimakasi.eu\/hu\/wp-json\/wp\/v2\/product"}],"about":[{"href":"https:\/\/trimakasi.eu\/hu\/wp-json\/wp\/v2\/types\/product"}],"replies":[{"embeddable":true,"href":"https:\/\/trimakasi.eu\/hu\/wp-json\/wp\/v2\/comments?post=75053"}],"wp:featuredmedia":[{"embeddable":true,"href":"https:\/\/trimakasi.eu\/hu\/wp-json\/wp\/v2\/media\/149872"}],"wp:attachment":[{"href":"https:\/\/trimakasi.eu\/hu\/wp-json\/wp\/v2\/media?parent=75053"}],"wp:term":[{"taxonomy":"product_brand","embeddable":true,"href":"https:\/\/trimakasi.eu\/hu\/wp-json\/wp\/v2\/product_brand?post=75053"},{"taxonomy":"product_cat","embeddable":true,"href":"https:\/\/trimakasi.eu\/hu\/wp-json\/wp\/v2\/product_cat?post=75053"},{"taxonomy":"product_tag","embeddable":true,"href":"https:\/\/trimakasi.eu\/hu\/wp-json\/wp\/v2\/product_tag?post=75053"}],"curies":[{"name":"munkaf\u00fczet","href":"https:\/\/api.w.org\/{rel}","templated":true}]}}

Primal Víz karkötő

<h3>Ősi Víz</h3>
<p>A vizet tartják a legerősebb elemnek — bármilyen akadályt megkerülhet, átváltozhat folyékony, jég és gőz formák között, és mindenekelőtt életet ad mindennek a Földön. A víz mindig mozgásban van, bár ennek a mozgásnak a nagy része a felszín alatt zajlik. Ugyanígy, a víz elemhez kapcsolódó emberek nyugodtnak és összeszedettnek tűnhetnek, miközben belül gondolatok és érzelmek állandó örvénylését élik át.</p>
<h3>Lazurit</h3>
<p>Ezt a titokzatos, mélykék követ matt formájában néha a “Mágusok Kövének” is nevezik. Az igazság és a bölcsesség szimbóluma, amelyről azt mondják, hogy harmóniát hoz környezetébe.</p>
<h3>Fekete matt ónix</h3>
<p>Az ónix köztudottan elősegíti a belső stabilitást, a nyugalmat és a mentális érettséget. Kellemes energiája védelmező tulajdonságokkal rendelkezik, növeli az önbizalmat és biztonságérzetet ad.</p>
<h3>Lávakő</h3>
<p>A láva közvetlenül a Föld magjából származik, spirituális jelentéssel bír, a földelést és a természettel való kapcsolatot jelképezi.</p>
<h3>Őselem</h3>
<p>Ez a karkötőkollekció a bolygónkat egyensúlyban tartó négy alapelemből, a Tűzből, a Vízből, a Földből és a Levegőből merít ihletet. A kollekció minden karkötőjében lávakő található, amely az elem legmélyebb, legősibb lényegéhez való visszatérést szimbolizálja. Minden elem lényege a Föld történetének négy evolúciós szakaszának egyikéhez kötődik.</p>
<p><em>Ősi Tűz:</em> Kezdetben a Föld a káoszból alakult ki – egy tüzes pokolból, amely létrehozta a bolygó olvadt magját. Ez adta a Föld gravitációját, ami viszont lehetővé tette a légkör kialakulását és fennmaradását. A tűz elem a káoszt, a pusztítást és az új kezdeteket szimbolizálja.</p>
<p><em>Ősi víz:</em> Miután a Föld felszíne lehűlt, az első felhők és az eső az üstökösökből származó víz elpárolgásából képződtek, fokozatosan betöltötték a világóceánokat. A víz szinte az egész bolygót beborította. Mélységében a víz békét hordoz és a kitartást szimbolizálja – áramlása mindig megtalálja az útját oda, ahová mennie kell.</p>
<p><em>Ősi Föld:</em> A víznek köszönhetően az élet első magvai gyökeret ereszthettek, a bolygó zölddé és életre kelt. A föld elem az élet gyógyító esszenciáját hordozza, feléleszti a test létfontosságú energiáját.</p>
<p><em>Ősi levegő:</em> A korai növényekben és algákban zajló fotoszintézis hozta létre a ma ismert légáteresztő légkört. A levegő elem a mozgást és a változást szimbolizálja, energiájáról pedig azt mondják, hogy pozitív hatással van az elmére.</p>
<p>Elem: <strong>Víz, levegő</strong></p>
<p>Csillagjegyek: <strong>minden jegyhez illik</strong></p>
<p>Ez a karkötő harmonizálja a Gyökér-, a Torok- és a Harmadik Szem csakrát.</p>
<p><img loading="lazy" decoding="async" width="81" height="88" style="width:84px;height:84px;object-fit:contain;vertical-align:middle;margin:0 3px" class="alignnone size-full wp-image-138513" src="https://trimakasi.eu/wp-content/uploads/čakra1.jpg" alt="Gyökércsakra" srcset="https://trimakasi.eu/wp-content/uploads/čakra1.jpg 81w, https://trimakasi.eu/wp-content/uploads/čakra1-11x12.jpg 11w" sizes="auto, (max-width: 81px) 100vw, 81px" /> <img loading="lazy" decoding="async" width="79" height="93" style="width:84px;height:84px;object-fit:contain;vertical-align:middle;margin:0 3px" class="alignnone size-full wp-image-83566" src="https://trimakasi.eu/wp-content/uploads/2020/07/čakra4.jpg" alt="Szívcsakra" srcset="https://trimakasi.eu/wp-content/uploads/2020/07/čakra4.jpg 79w, https://trimakasi.eu/wp-content/uploads/2020/07/čakra4-10x12.jpg 10w" sizes="auto, (max-width: 79px) 100vw, 79px" /> <img loading="lazy" decoding="async" width="81" height="87" style="width:84px;height:84px;object-fit:contain;vertical-align:middle;margin:0 3px" class="alignnone size-full wp-image-138515" src="https://trimakasi.eu/wp-content/uploads/čakra5.jpg" alt="Torokcsakra" srcset="https://trimakasi.eu/wp-content/uploads/čakra5.jpg 81w, https://trimakasi.eu/wp-content/uploads/čakra5-11x12.jpg 11w" sizes="auto, (max-width: 81px) 100vw, 81px" /> <img loading="lazy" decoding="async" width="103" height="98" style="width:84px;height:84px;object-fit:contain;vertical-align:middle;margin:0 3px" class="alignnone size-full wp-image-138516" src="https://trimakasi.eu/wp-content/uploads/čakra6.jpg" alt="Harmadik szem csakra:" srcset="https://trimakasi.eu/wp-content/uploads/čakra6.jpg 103w, https://trimakasi.eu/wp-content/uploads/čakra6-13x12.jpg 13w" sizes="auto, (max-width: 103px) 100vw, 103px" /></p>

<p>A víz soha nem küzd az akadállyal – egyszerűen csak áramlik körülötte. Ez a karkötő mindenkinek szól, aki ugyanazzal a nyugodt alkalmazkodóképességgel szeretne haladni az életben: folyékonyan, rendíthetetlenül és csendesen erőteljesen. Viseld, hogy meghívd a víz elem bölcsességét, békéjét és az árral sodródó rugalmasságát a napjaidba.</p>
<p>Válasszon karkötőt méret szerint. <a href="https://trimakasi.eu/hu/hogyan-valasszuk-ki-a-karkoto-meretet/">A méret helyes meghatározásának útmutatója itt található.</a></p>

munkafüzet
