{"id":73999,"date":"2019-05-23T13:16:36","date_gmt":"2019-05-23T11:16:36","guid":{"rendered":"https:\/\/trimakasi.eu\/product\/oblivion\/"},"modified":"2025-06-28T21:50:07","modified_gmt":"2025-06-28T19:50:07","slug":"oblivion-ferfi-karkoto","status":"publish","type":"product","link":"https:\/\/trimakasi.eu\/hu\/product\/oblivion-mens-bracelet\/","title":{"rendered":"F\u00e9rfi Oblivion kark\u00f6t\u0151"},"content":{"rendered":"<h3>A tibeti buddhista mantra - Om Mani Padme Hum<\/h3>\n<p id=\"tw-target-text\" class=\"tw-data-text tw-ta tw-text-small\" dir=\"ltr\" data-placeholder=\"P\u0159eklad\"><span lang=\"en\" tabindex=\"0\">Az Om Mani Padme Hum a tibeti buddhizmus legh\u00edresebb mantr\u00e1ja, m\u00e1s n\u00e9ven az \u00e9letenergia kir\u00e1lyi mantr\u00e1j\u00e1nak is nevezik. A mantra \u00e1ltal\u00e1nos meghat\u00e1roz\u00e1sa: 1. Olyan sz\u00f3 vagy hang, amelyr\u0151l \u00fagy gondolj\u00e1k, hogy k\u00fcl\u00f6nleges lelki er\u0151vel b\u00edr. 2<\/span>. Egy sz\u00f3 vagy kifejez\u00e9s, amelyet gyakran ism\u00e9telnek, \u00e9s kifejezetten er\u0151s meggy\u0151z\u0151d\u00e9st fejez ki.<\/p>\n<p>\u00dagy v\u00e9lik, hogy Buddha minden tan\u00edt\u00e1sa benne van ebben a mantr\u00e1ban: Az Om Mani Padme Hum nem igaz\u00e1n ford\u00edthat\u00f3 le egyszer\u0171 kifejez\u00e9sre vagy mondatra.<\/p>\n<h4><strong>Om (vagy Aum)<\/strong><\/h4>\n<p class=\"translation-block\"><em>Az<\/em> eg\u00e9sz teremt\u00e9s \u0151si hangja. Seg\u00edt feloldani az eg\u00f3t, \u00e9s kifejleszteni a kedvess\u00e9get \u00e9s a nagylelk\u0171s\u00e9get.<\/p>\n<h4><strong>Mani<\/strong><\/h4>\n<p>Feloldja a f\u00e9lt\u00e9kenys\u00e9get \u00e9s a r\u00f6pke \u00e9lvezetekhez val\u00f3 ragaszkod\u00e1st. Feloldja a v\u00e1gyhoz \u00e9s szenved\u00e9lyhez val\u00f3 k\u00f6t\u0151d\u00e9s\u00fcnket, mik\u00f6zben fejleszti azon k\u00e9pess\u00e9g\u00fcnket, hogy t\u00fcrelmesek legy\u00fcnk \u00f6nmagunkkal \u00e9s m\u00e1sokkal szemben.<\/p>\n<h4><strong>Padme<\/strong><\/h4>\n<p>Feloldja a sok el\u0151\u00edt\u00e9lethez \u00e9s \u00edt\u00e9lkez\u0151 elk\u00e9pzel\u00e9shez val\u00f3 k\u00f6t\u0151d\u00e9s\u00fcnket, t\u00e1mogatja a kitart\u00e1st. A birtokl\u00e1s ir\u00e1nti k\u00f6t\u0151d\u00e9s\u00fcnket is feloldja, mik\u00f6zben koncentr\u00e1ci\u00f3s k\u00e9pess\u00e9geinket is fejleszti.<\/p>\n<h4><strong>Hum<\/strong><\/h4>\n<p>Feloldja az agresszi\u00f3hoz \u00e9s a gy\u0171l\u00f6lethez val\u00f3 k\u00f6t\u0151d\u00e9s\u00fcnket, \u00e9s seg\u00edt benn\u00fcnket saj\u00e1t, vel\u00fcnk sz\u00fcletett b\u00f6lcsess\u00e9g\u00fcnk \u00e1pol\u00e1s\u00e1ban.<\/p>\n<h3>Aranyf\u00e9ny\u0171 obszidi\u00e1n<\/h3>\n<p>Az obszidi\u00e1n ezen ritka form\u00e1ja f\u00e9mes arany t\u00fckr\u00f6z\u0151d\u00e9seket tartalmaz.<\/p>\n<p class=\"tw-data-text tw-ta tw-text-small\" dir=\"ltr\" data-placeholder=\"P\u0159eklad\"><span lang=\"en\" tabindex=\"0\">Az obszidi\u00e1n a term\u00e9szetes \u00fcveg k\u00fcl\u00f6nleges form\u00e1ja, amelyet a forr\u00f3 l\u00e1va gyors leh\u0171l\u00e9se hoz l\u00e9tre a f\u00f6ld felsz\u00edn\u00e9n. Az emberis\u00e9g a k\u0151korszak \u00f3ta haszn\u00e1lja, amikor a vad\u00e1szok fegyvereinek hegy\u00e9t az \u00e9les zsetonjaib\u00f3l k\u00e9sz\u00edtett\u00e9k. Ez volt<\/span><span lang=\"en\" tabindex=\"0\">\u00a0az \u0151si azt\u00e9kok k\u00f6r\u00e9ben is k\u00f6zkedvelt volt, akik \u201eIsten k\u00f6v\u00e9nek\u201d nevezt\u00e9k. Ebb\u0151l a k\u0151b\u0151l k\u00e9sz\u00fclt szent t\u0151r\u00fck, amelyet az isteneknek val\u00f3 ember\u00e1ldozat h\u00edrhedt ritu\u00e1l\u00e9j\u00e1hoz haszn\u00e1ltak.<\/span><\/p>\n<p id=\"tw-target-text\" class=\"tw-data-text tw-ta tw-text-small\" dir=\"ltr\" data-placeholder=\"P\u0159eklad\"><span lang=\"en\" tabindex=\"0\">A fekete \u00f3nix, a fekete turmalin \u00e9s a fekete obszidi\u00e1n s\u00f6t\u00e9t sz\u00edn\u00fck miatt hagyom\u00e1nyos v\u00e9d\u0151k\u00f6veknek sz\u00e1m\u00edtanak. Olyan v\u00e9d\u0151 l\u00e9gk\u00f6rrel vehetik k\u00f6r\u00fcl, amely minden negat\u00edvumot elnyel a k\u00f6rnyezet\u00e9b\u0151l. Mindenekel\u0151tt azon negat\u00edv gondolkod\u00e1si mint\u00e1k legy\u0151z\u00e9s\u00e9ben seg\u00edtenek, amelyek a leggyeng\u00edt\u0151bb \u00e9s legm\u00e9rgez\u0151bb \u00e9rzelemb\u0151l, a f\u00e9lelemb\u0151l fakadnak.<\/span><\/p>\n<p>Elem:<strong> T\u0171z<\/strong><\/p>\n<p>Csillagjegyek:\u00a0<strong>Nyilas, Skorpi\u00f3<\/strong><\/p>\n<p>A kark\u00f6t\u0151 harmoniz\u00e1lja a gy\u00f6k\u00e9rcsakr\u00e1t, a napfonat csakr\u00e1t \u00e9s a sz\u00edvcsakr\u00e1t<\/p>\n<p><img loading=\"lazy\" decoding=\"async\" class=\"alignnone wp-image-72742\" src=\"https:\/\/trimakasi.cz\/wp-content\/uploads\/2018\/08\/\u010dakra1.jpg\" alt=\"Z\u00e1kladn\u00ed \u010dakra\" width=\"71\" height=\"77\" \/><img loading=\"lazy\" decoding=\"async\" class=\"alignnone wp-image-72745\" src=\"https:\/\/trimakasi.cz\/wp-content\/uploads\/2018\/07\/\u010dakra3.jpg\" alt=\"Solar plexus \u010dakra\" width=\"64\" height=\"71\" \/><a href=\"https:\/\/trimakasi.eu\/wp-content\/uploads\/2020\/07\/\u010dakra4.jpg\"><img loading=\"lazy\" decoding=\"async\" class=\"alignnone wp-image-83566\" src=\"https:\/\/trimakasi.eu\/wp-content\/uploads\/2020\/07\/\u010dakra4.jpg\" alt=\"Sz\u00edvcsakra\" width=\"72\" height=\"85\" srcset=\"https:\/\/trimakasi.eu\/wp-content\/uploads\/2020\/07\/\u010dakra4.jpg 79w, https:\/\/trimakasi.eu\/wp-content\/uploads\/2020\/07\/\u010dakra4-10x12.jpg 10w\" sizes=\"auto, (max-width: 72px) 100vw, 72px\" \/><\/a><\/p>\n<p><a href=\"https:\/\/trimakasi.eu\/hu\/videoblog\/\"><u>L\u00e1togassa meg videoblogunkat, hogy felfedezze a dr\u00e1gak\u00f6vek, \u00e1llat\u00f6v jelek, csakr\u00e1k \u00e9s m\u00e9g sok m\u00e1s k\u00f6z\u00f6tti \u00f6sszef\u00fcgg\u00e9seket.<\/u><\/a><\/p>\n<p>&nbsp;<\/p>","protected":false},"excerpt":{"rendered":"<p>Fekete elegancia \u00e9s f\u00e9mes arany t\u00fckr\u00f6z\u0151d\u00e9sek az obszidi\u00e1n ritka form\u00e1j\u00e1b\u00f3l. Ezt a buddhista mantra faragott szimb\u00f3lumaival ell\u00e1tott 3 gy\u00f6ngy teszi teljess\u00e9.<\/p>\n<p>V\u00e1lasszon kark\u00f6t\u0151t annak m\u00e9rete \u00e9s az utols\u00f3 gy\u00f6ngy sz\u00edne szerint.\u00a0<a href=\"https:\/\/trimakasi.eu\/hu\/hogyan-valasszuk-ki-a-karkoto-meretet\/\">A m\u00e9ret helyes meghat\u00e1roz\u00e1s\u00e1nak \u00fatmutat\u00f3ja itt tal\u00e1lhat\u00f3.<\/a>\u00a0F\u00e9ny\u0171z\u0151 fekete d\u00edszdoboz ingyen!<\/p>","protected":false},"featured_media":74935,"comment_status":"open","ping_status":"closed","template":"","meta":{"_acf_changed":false,"_themeisle_gutenberg_block_has_review":false},"product_brand":[],"product_cat":[1687,1064,1067],"product_tag":[],"class_list":{"0":"post-73999","1":"product","2":"type-product","3":"status-publish","4":"has-post-thumbnail","6":"product_cat-elastic-bracelets","7":"product_cat-mens-jewellery","8":"product_cat-premium-bracelets-for-men","10":"first","11":"instock","12":"taxable","13":"shipping-taxable","14":"purchasable","15":"product-type-variable","16":"has-default-attributes"},"acf":[],"_links":{"self":[{"href":"https:\/\/trimakasi.eu\/hu\/wp-json\/wp\/v2\/product\/73999","targetHints":{"allow":["GET"]}}],"collection":[{"href":"https:\/\/trimakasi.eu\/hu\/wp-json\/wp\/v2\/product"}],"about":[{"href":"https:\/\/trimakasi.eu\/hu\/wp-json\/wp\/v2\/types\/product"}],"replies":[{"embeddable":true,"href":"https:\/\/trimakasi.eu\/hu\/wp-json\/wp\/v2\/comments?post=73999"}],"wp:featuredmedia":[{"embeddable":true,"href":"https:\/\/trimakasi.eu\/hu\/wp-json\/wp\/v2\/media\/74935"}],"wp:attachment":[{"href":"https:\/\/trimakasi.eu\/hu\/wp-json\/wp\/v2\/media?parent=73999"}],"wp:term":[{"taxonomy":"product_brand","embeddable":true,"href":"https:\/\/trimakasi.eu\/hu\/wp-json\/wp\/v2\/product_brand?post=73999"},{"taxonomy":"product_cat","embeddable":true,"href":"https:\/\/trimakasi.eu\/hu\/wp-json\/wp\/v2\/product_cat?post=73999"},{"taxonomy":"product_tag","embeddable":true,"href":"https:\/\/trimakasi.eu\/hu\/wp-json\/wp\/v2\/product_tag?post=73999"}],"curies":[{"name":"wp","href":"https:\/\/api.w.org\/{rel}","templated":true}]}}

Férfi Oblivion karkötő

<h3>A tibeti buddhista mantra - Om Mani Padme Hum</h3>
<p id="tw-target-text" class="tw-data-text tw-ta tw-text-small" dir="ltr" data-placeholder="Překlad"><span lang="en" tabindex="0">Az Om Mani Padme Hum a tibeti buddhizmus leghíresebb mantrája, más néven az életenergia királyi mantrájának is nevezik. A mantra általános meghatározása: 1. Olyan szó vagy hang, amelyről úgy gondolják, hogy különleges lelki erővel bír. 2</span>. Egy szó vagy kifejezés, amelyet gyakran ismételnek, és kifejezetten erős meggyőződést fejez ki.</p>
<p>Úgy vélik, hogy Buddha minden tanítása benne van ebben a mantrában: Az Om Mani Padme Hum nem igazán fordítható le egyszerű kifejezésre vagy mondatra.</p>
<h4><strong>Om (vagy Aum)</strong></h4>
<p class="translation-block"><em>Az</em> egész teremtés ősi hangja. Segít feloldani az egót, és kifejleszteni a kedvességet és a nagylelkűséget.</p>
<h4><strong>Mani</strong></h4>
<p>Feloldja a féltékenységet és a röpke élvezetekhez való ragaszkodást. Feloldja a vágyhoz és szenvedélyhez való kötődésünket, miközben fejleszti azon képességünket, hogy türelmesek legyünk önmagunkkal és másokkal szemben.</p>
<h4><strong>Padme</strong></h4>
<p>Feloldja a sok előítélethez és ítélkező elképzeléshez való kötődésünket, támogatja a kitartást. A birtoklás iránti kötődésünket is feloldja, miközben koncentrációs képességeinket is fejleszti.</p>
<h4><strong>Hum</strong></h4>
<p>Feloldja az agresszióhoz és a gyűlölethez való kötődésünket, és segít bennünket saját, velünk született bölcsességünk ápolásában.</p>
<h3>Aranyfényű obszidián</h3>
<p>Az obszidián ezen ritka formája fémes arany tükröződéseket tartalmaz.</p>
<p class="tw-data-text tw-ta tw-text-small" dir="ltr" data-placeholder="Překlad"><span lang="en" tabindex="0">Az obszidián a természetes üveg különleges formája, amelyet a forró láva gyors lehűlése hoz létre a föld felszínén. Az emberiség a kőkorszak óta használja, amikor a vadászok fegyvereinek hegyét az éles zsetonjaiból készítették. Ez volt</span><span lang="en" tabindex="0"> az ősi aztékok körében is közkedvelt volt, akik „Isten kövének” nevezték. Ebből a kőből készült szent tőrük, amelyet az isteneknek való emberáldozat hírhedt rituáléjához használtak.</span></p>
<p id="tw-target-text" class="tw-data-text tw-ta tw-text-small" dir="ltr" data-placeholder="Překlad"><span lang="en" tabindex="0">A fekete ónix, a fekete turmalin és a fekete obszidián sötét színük miatt hagyományos védőköveknek számítanak. Olyan védő légkörrel vehetik körül, amely minden negatívumot elnyel a környezetéből. Mindenekelőtt azon negatív gondolkodási minták legyőzésében segítenek, amelyek a leggyengítőbb és legmérgezőbb érzelemből, a félelemből fakadnak.</span></p>
<p>Elem:<strong> Tűz</strong></p>
<p>Csillagjegyek: <strong>Nyilas, Skorpió</strong></p>
<p>A karkötő harmonizálja a gyökércsakrát, a napfonat csakrát és a szívcsakrát</p>
<p><img loading="lazy" decoding="async" class="alignnone wp-image-72742" src="https://trimakasi.cz/wp-content/uploads/2018/08/čakra1.jpg" alt="Základní čakra" width="71" height="77" /><img loading="lazy" decoding="async" class="alignnone wp-image-72745" src="https://trimakasi.cz/wp-content/uploads/2018/07/čakra3.jpg" alt="Solar plexus čakra" width="64" height="71" /><a href="https://trimakasi.eu/wp-content/uploads/2020/07/čakra4.jpg"><img loading="lazy" decoding="async" class="alignnone wp-image-83566" src="https://trimakasi.eu/wp-content/uploads/2020/07/čakra4.jpg" alt="Szívcsakra" width="72" height="85" srcset="https://trimakasi.eu/wp-content/uploads/2020/07/čakra4.jpg 79w, https://trimakasi.eu/wp-content/uploads/2020/07/čakra4-10x12.jpg 10w" sizes="auto, (max-width: 72px) 100vw, 72px" /></a></p>
<p><a href="https://trimakasi.eu/hu/videoblog/"><u>Látogassa meg videoblogunkat, hogy felfedezze a drágakövek, állatöv jelek, csakrák és még sok más közötti összefüggéseket.</u></a></p>
<p>&nbsp;</p>

<p>Fekete elegancia és fémes arany tükröződések az obszidián ritka formájából. Ezt a buddhista mantra faragott szimbólumaival ellátott 3 gyöngy teszi teljessé.</p>
<p>Válasszon karkötőt annak mérete és az utolsó gyöngy színe szerint. <a href="https://trimakasi.eu/hu/hogyan-valasszuk-ki-a-karkoto-meretet/">A méret helyes meghatározásának útmutatója itt található.</a> Fényűző fekete díszdoboz ingyen!</p>
